z be ((-1)/2)/(3/(-1866)). Let q = z - v. List the prime factors of q.
281
Let l = 56080 - 32335. What are the prime factors of l?
3, 5, 1583
Let f = -405 - -404. List the prime factors of (465/4 + f - 0)*4.
461
Suppose -3*o + s = -2*s + 21, o = -3*s - 11. Let w be (-2*1)/(-6 - o) - -25. Suppose 0*k = -4*k + w. What are the prime factors of k?
2, 3
Suppose -43*c + 45*c - 30828 = -m, 0 = 4*c + 8. List the prime factors of m.
2, 41, 47
Let v = 572 + 113. Let s = 6131 - 6120. Suppose 16*h = s*h + v. List the prime factors of h.
137
Let j(k) = 13*k**2 + 2*k + 5. Let q be j(-3). Suppose 3*w = -4*z + 822, -z - q = w - 322. Let u = z + -113. List the prime factors of u.
7, 13
Suppose -3*d + 3*g + 6 = 0, 2*g - 38 + 36 = 0. Suppose -5*v + 603 = -5*c + 6*c, -d*c + 1781 = v. What are the prime factors of c?
593
Suppose -5*o + 3*t = 7*t - 39611, -o + 7903 = 4*t. What are the prime factors of o?
7927
Let z be 7*(0 - (-4 + (-428)/4)). Let n = -314 + z. List the prime factors of n.
463
Suppose 3*i - 84913 = -4*p, 21209 = -15*p + 16*p - 2*i. What are the prime factors of p?
19, 1117
Let n = 191191 + -132834. What are the prime factors of n?
13, 67
Let w(y) = -3*y - 58. Let g(m) = m + 19. Let v(b) = -8*g(b) - 3*w(b). Let o = -351 - -359. What are the prime factors of v(o)?
2, 3, 5
Let l be 3 + -4*(4 - 3). Let b be l + 6 + (-6)/2. List the prime factors of 127 - -17 - 6/b.
3, 47
Let k be (0 + (-8)/2)*(187 - -33). Let o = 1409 + k. Suppose 8*j + 161 = o. List the prime factors of j.
2, 23
Let c be ((-1 - -1) + -20)/(5/(-35)). Let o = c - -456. List the prime factors of o.
2, 149
Let d = -831 - -1775. List the prime factors of d.
2, 59
Let m(f) = -5*f + 9. Let s be m(1). Suppose -3*l = -2*c - 777, 510 = 6*l - s*l - 4*c. What are the prime factors of l?
3, 29
Let d(c) be the first derivative of -32 + 38/3*c**3 + 4*c + c**2. List the prime factors of d(2).
2, 5
Let i(m) be the third derivative of 1/60*m**5 + 0*m - 5/8*m**4 + 31/6*m**3 + 16*m**2 + 0. List the prime factors of i(14).
17
Suppose -3*z + 146 = -55. Let t = -17 + 24. Suppose 0 = -t*n + 8*n - z. List the prime factors of n.
67
Let c(v) be the second derivative of v**5/20 - 7*v**4/6 + 19*v**3/6 - 2*v**2 + 2*v + 38. Suppose 4*y - 24 = 28. What are the prime factors of c(y)?
2, 37
What are the prime factors of ((-165455)/(-25) - 1)/(10/25)?
71, 233
Let i(k) = k**2 - 6*k + 5. Let f be i(5). Suppose 0 = -2*d - j - 36, d - 4*j + 0*j = f. What are the prime factors of 4/d - (-2 - (-850)/(-8))?
2, 3
Suppose 5*t = -2*n + 25, -n - 2*t + 0 = -11. Let g be n/(-2)*1076/(-10). Let u = g + -183. What are the prime factors of u?
2, 43
Let c(g) = 9 + 1 - 107*g + 16. What are the prime factors of c(-5)?
3, 11, 17
Let t = 60262 + -29569. List the prime factors of t.
3, 13, 787
Suppose 4293 = -15*f - 6582. Let o = 1582 + f. What are the prime factors of o?
857
Suppose 9*r - 210 = 150. Suppose 0 = 3*a + 5*a - r. Suppose a*p = -5*d + 675, 3*d = 3*p - 2*d - 365. List the prime factors of p.
2, 5, 13
Suppose 11*g + 0 = 55. Suppose 4 + 15 = 3*y + 5*w, 0 = -g*y - 3*w + 21. Suppose 0 = y*h - 354 - 429. List the prime factors of h.
3, 29
Suppose -5*k + 3*y + 652 = 118, 3*y = -3*k + 306. Let g be 3/(-5 - 4420/(-890)). Let q = k - g. What are the prime factors of q?
2, 97
Suppose 0*g + 4*g - 600 = 0. Let r(i) = 13*i - 13. Let c be r(5). Suppose 2*u = j - c, 0 = 5*j - 3*u - 124 - g. List the prime factors of j.
2, 7
Let o be (-1988)/(-36) + (-4)/18. Let i = -338 - -411. Let d = i - o. What are the prime factors of d?
2, 3
Suppose 0 = 3*v + 3*l + 27, -l = -2*v - 5 - 19. Let z(s) = -51*s - 11. Let j be z(v). Suppose -5*x + 0*x + j = 0. What are the prime factors of x?
2, 5, 11
Let k(n) = 15*n**2 + 2*n - 7. Suppose -3*j = 7 - 19. Let d be k(j). Suppose 3*x + d = -3*i + 706, -820 = -5*i + 4*x. What are the prime factors of i?
2, 5
Suppose 158464 = 20*u - 274896. What are the prime factors of u?
2, 5417
Let u(y) be the second derivative of -4*y**3/3 + y**2 - y. Let w be 312/32*(-72)/54. What are the prime factors of u(w)?
2, 53
List the prime factors of ((-19095)/6)/(((-2)/6)/((-8)/(-12))).
5, 19, 67
What are the prime factors of (-17421)/4*(-308)/231?
5807
Let n = 17336 - 8204. What are the prime factors of n?
2, 3, 761
Let q = -20 + 59. Let j = 39 - q. Suppose 2*f = -j*s + 2*s - 34, -4*f = -s + 14. What are the prime factors of s?
2, 3
What are the prime factors of -9 - ((-69)/(-3) + -75870)?
2, 7, 5417
Let n(m) = 59*m - 66 - 43 - 18. What are the prime factors of n(15)?
2, 379
Suppose 0 = -65*c + 150*c - 117379 - 689101. List the prime factors of c.
2, 593
Let g = -13381 - -50010. What are the prime factors of g?
36629
Suppose -8 = -2*t + 5*n, 0*t + n + 20 = 5*t. Suppose -5*j - t*m = -7588, m - 6 = 3*m. List the prime factors of j.
2, 5, 19
Suppose -2*j + 16 = 0, -5*s = 189*j - 194*j - 21065. What are the prime factors of s?
3, 7, 67
Let v = -67 + 73. Let t be 26*(v/(-24))/((-1)/4). Suppose -131 + t = -3*x. What are the prime factors of x?
5, 7
Suppose 26*k - 2*w + 5936 = 27*k, 3*w = -12. What are the prime factors of k?
2, 743
Let o = -53 - -122. Let b = o - 69. Suppose l + 3*g - 4*g - 117 = b, -3*g = 3. What are the prime factors of l?
2, 29
Let p be ((-6)/8)/((-48)/22656). Suppose -40*q = -39*q - p. List the prime factors of q.
2, 3, 59
Let i(a) = 3*a**2 + 6*a + 4. Let b(s) be the second derivative of -s**5/5 + s**4/6 + s**3/3 + s**2/2 - 11*s. Let p be b(-1). What are the prime factors of i(p)?
109
Let x(c) be the first derivative of -c**3/3 + 11*c**2/2 - 18*c - 31. Let n be x(7). Suppose 5*p + 205 - 1120 = -5*z, -n = -5*p. What are the prime factors of z?
181
Suppose -u + 3*j - 1362 = -8135, -u - 3*j + 6797 = 0. List the prime factors of u.
5, 23, 59
Suppose 4*x + 4*h - 420 = 0, 0 = -x + 4*x + 5*h - 307. Let i = -77 + x. Let f = i + 10. What are the prime factors of f?
2, 3, 7
Suppose -10156*q + 10144*q = -102816. What are the prime factors of q?
2, 3, 7, 17
Let q(l) = -450*l + 92. Let a(k) = 1350*k - 272. Let d(x) = 2*a(x) + 7*q(x). List the prime factors of d(-2).
2, 5
Let b = 23 - 73. Let v = 55 + b. Suppose -117 = v*q + 3*p - 954, 4 = -4*p. What are the prime factors of q?
2, 3, 7
Let o(z) = z**3 - 151*z**2 + 3058*z + 309. What are the prime factors of o(128)?
3, 4967
What are the prime factors of 6/48 - (-443466)/48?
9239
Let x be 4*((-12)/(-30))/(4/5). Suppose -173 = -2*s + 5*p + 180, -4*p = x*s - 344. What are the prime factors of s?
2, 3, 29
Let k(s) = s + 14. Let z be k(-11). Suppose z*a + v = -347 + 1278, 0 = -3*v - 15. List the prime factors of a.
2, 3, 13
Let h(d) = -9*d - 42. Let r be h(-5). Suppose -68 = -x - r. List the prime factors of x.
5, 13
Suppose 16*l - 53 = 27. Suppose l*w = -21*w + 14534. List the prime factors of w.
13, 43
List the prime factors of (181926/(-21))/9*-7.
2, 3, 1123
Suppose -4*w + 69 = -35. Suppose -2*c + 45 = -3*d, 4*d - w = -5*c + 75. What are the prime factors of 461/7 - (-3)/c?
2, 3, 11
Suppose 0 = 6*f + 2*m - 8554, -11*f + 4*m + 7134 = -6*f. What are the prime factors of f?
2, 23, 31
Let l be 3/15 - (-14)/5. Let v = -27 - -31. Suppose v*c - 317 = l. List the prime factors of c.
2, 5
Let q = -1699 + 6568. List the prime factors of q.
3, 541
Let f(k) be the third derivative of 2*k**5/15 + 3*k**4/4 + 5*k**3/6 + 99*k**2. List the prime factors of f(6).
401
Suppose -411*a = -327*a - 5819436. List the prime factors of a.
3, 7, 3299
Let h(y) = y**3 - 5*y**2 - 5*y + 10. Let o be h(4). Let u = 83 + o. What are the prime factors of u?
3, 19
Suppose 0 = 490*c - 495*c + 20. Suppose -4*t + 8 = 0, 4*t - 868 + 4180 = 5*z. What are the prime factors of ((-2)/c)/(-2 - (-1326)/z)?
2, 83
Let m(q) = -82*q**3 + 23*q**3 - 60*q**3 + 1 + 21*q**3 - 3*q**2 - 3*q. Let b(g) = 4*g - 29. Let h be b(7). List the prime factors of m(h).
3, 11
Let y(b) = 10516*b**2 + 15*b + 18. List the prime factors of y(-1).
67, 157
Suppose -198*j - 133*j - 12*j + 5173812 = 0. List the prime factors of j.
2, 3, 419
Suppose 3*a - 28541 = -2*n + 36456, 0 = -4*n - 10*a + 129998. List the prime factors of n.
32497
Suppose 8*g = -2*m + 12328, -5*m = -8*g + 6*g - 30798. What are the prime factors of m?
2, 5, 7, 11
Suppose 4*b - 3*v - 138 = 0, 4*v = 2*b - 0*b - 64. Let r = 661 + b. List the prime factors of r.
17, 41
Let c = 3 - -3. Let a(h